2689089.
39
Calculate the highest common factor of 624874 and 1164.
194
What is the greatest common factor of 233894 and 166?
166
Calculate the greatest common factor of 396 and 19052.
44
Calculate the highest common divisor of 165 and 123222.
33
What is the greatest common divisor of 5325 and 1725?
75
Calculate the greatest common factor of 16 and 2831088.
16
What is the greatest common divisor of 6288 and 227416?
1048
What is the greatest common factor of 128 and 286912?
64
What is the greatest common factor of 3684 and 408?
12
Calculate the greatest common divisor of 229361 and 3595.
719
What is the highest common factor of 1020 and 2740?
20
Calculate the highest common factor of 27 and 351243.
27
Calculate the greatest common divisor of 15458 and 13688.
118
Calculate the greatest common divisor of 3 and 5208.
3
What is the greatest common factor of 402 and 43?
1
What is the greatest common factor of 5358 and 10602?
114
Calculate the greatest common divisor of 6345 and 9635.
235
Calculate the greatest common divisor of 7 and 292691.
7
Calculate the highest common factor of 181269 and 22.
11
Calculate the highest common factor of 228896 and 9568.
736
What is the highest common factor of 5830 and 45898?
106
What is the greatest common divisor of 238 and 73780?
238
What is the greatest common divisor of 1601 and 1?
1
What is the highest common divisor of 53105 and 430?
215
What is the greatest common divisor of 8 and 220592?
8
Calculate the highest common divisor of 325151 and 3165.
211
What is the greatest common divisor of 203400 and 4860?
180
Calculate the greatest common divisor of 685079 and 71.
71
What is the highest common divisor of 11 and 97493?
11
What is the greatest common factor of 1339 and 1131?
13
What is the highest common factor of 11902 and 14607?
541
What is the greatest common divisor of 462523 and 1893?
631
Calculate the greatest common divisor of 13014 and 11086.
482
Calculate the highest common divisor of 688 and 1955984.
688
Calculate the highest common factor of 1849211 and 91.
91
What is the highest common factor of 450890 and 11?
11
Calculate the greatest common divisor of 1587 and 39951.
69
What is the greatest common factor of 1377 and 1462?
17
What is the greatest common divisor of 1377 and 1296?
81
Calculate the greatest common factor of 18577 and 26.
13
Calculate the highest common factor of 5425 and 3379.
31
Calculate the highest common factor of 610 and 40790.
10
What is the greatest common factor of 188505 and 135?
45
What is the greatest common divisor of 346 and 3653068?
346
Calculate the highest common factor of 265 and 1696.
53
Calculate the greatest common divisor of 272 and 1394.
34
Calculate the greatest common divisor of 1120 and 25360.
80
Calculate the greatest common divisor of 3475824 and 16.
16
Calculate the highest common divisor of 14 and 1018.
2
What is the highest common factor of 845 and 85?
5
Calculate the greatest common divisor of 323329 and 313.
313
Calculate the greatest common factor of 391232 and 64.
64
What is the greatest common divisor of 69114 and 12?
6
Calculate the greatest common factor of 40196 and 14612.
52
Calculate the highest common factor of 78 and 403702.
26
What is the highest common factor of 52013 and 663?
13
Calculate the highest common factor of 310 and 337435.
155
Calculate the greatest common divisor of 2563068 and 12.
12
What is the highest common divisor of 7 and 255479?
7
Calculate the highest common factor of 304 and 665.
19
Calculate the greatest common divisor of 8531262 and 837.
279
What is the greatest common divisor of 1534111 and 688?
43
What is the greatest common factor of 148 and 463758?
74
What is the highest common divisor of 8668 and 154?
22
What is the greatest common divisor of 2720 and 400?
80
Calculate the greatest common divisor of 31408 and 134692.
604
What is the greatest common divisor of 21873 and 1173?
69
What is the greatest common factor of 27762 and 1746?
6
Calculate the greatest common divisor of 41724 and 38.
38
Calculate the highest common divisor of 10976 and 63.
7
What is the greatest common factor of 24860 and 40?
20
Calculate the greatest common divisor of 665 and 830851.
133
Calculate the greatest common divisor of 1824 and 5149.
19
What is the highest common factor of 153459 and 17?
17
Calculate the greatest common factor of 245712 and 96.
48
Calculate the greatest common factor of 35213 and 115.
23
What is the greatest common divisor of 6110 and 195?
65
Calculate the highest common factor of 155263 and 278.
139
Calculate the greatest common factor of 578 and 27319748.
578
Calculate the greatest common factor of 194280 and 112.
8
Calculate the greatest common factor of 29230 and 370.
370
Calculate the greatest common factor of 8 and 49.
1
Calculate the greatest common factor of 4909450 and 65.
65
Calculate the greatest common factor of 14 and 673022.
14
What is the greatest common factor of 730792 and 1336?
1336
What is the highest common factor of 10510 and 6520?
10
Calculate the highest common factor of 27535 and 15.
5
What is the greatest common divisor of 290 and 6134428?
58
What is the greatest common factor of 19939 and 1884?
157
What is the highest common divisor of 60754 and 2294?
74
What is the greatest common factor of 725 and 52345?
145
What is the greatest common factor of 32718 and 882?
42
What is the greatest common factor of 624 and 85332?
156
What is the greatest common divisor of 29341 and 111?
37
What is the greatest common factor of 118 and 218123?
59
What is the greatest common factor of 30095 and 130?
65
What is the greatest common factor of 1 and 614849?
1
What is the greatest common factor of 40 and 3721560?
40
What is the highest common divisor of 718448 and 208?
16
What is the highest common factor of 72280 and 182?
26
Calculate the greatest common divisor of 21648 and 480.
48
What is the highest common factor of 16 and 194476?
4
Calculate the greatest common divisor of 1624 and 973.
7
What is the greatest common divisor of 1172 and 28?
4
Calculate the highest common factor of 8022 and 103522.
382
Calculate the highest common divisor of 18850 and 174.
58
What is the highest common divisor of 48512 and 4096?
128
Calculate the highest common factor of 38170 and 2530.
110
What is the highest common divisor of 25164 and 39377?
233
What is the highest common divisor of 416975 and 325?
325
Calculate the greatest common divisor of 292 and 274334.
146
Calculate the greatest common divisor of 46209 and 422.
211
What is the highest common divisor of 10 and 176190?
10
What is the greatest common divisor of 77 and 727433?
7
Calculate the highest common factor of 3999 and 1116.
93
What is the highest common factor of 6627 and 20163?
141
What is the highest common factor of 18816 and 441?
147
Calculate the highest common divisor of 220 and 4156988.
44
Calculate the highest common divisor of 1792 and 854.
14
What is the highest common factor of 30 and 31995?
15
Calculate the greatest common divisor of 4866729 and 294.
147
What is the highest common divisor of 595 and 1441685?
595
Calculate the greatest common divisor of 15 and 61185.
15
Calculate the greatest common divisor of 2284 and 776.
4
Calculate the highest common factor of 22 and 9951920.
22
What is the greatest common divisor of 17 and 16609?
17
Calculate the greatest common factor of 265 and 653066.
53
Calculate the greatest common divisor of 526 and 122.
2
Calculate the highest common divisor of 361456 and 76.
76
What is the highest common divisor of 281375 and 20?
5
What is the highest common factor of 13413 and 2091?
51
Calculate the highest common divisor of 171152 and 551.
19
What is the highest common factor of 706 and 237569?
353
What is the highest common divisor of 3569148 and 396?
396
Calculate the greatest common divisor of 3250 and 12064.
26
Calculate the highest common divisor of 338976 and 54.
18
Calculate the highest common factor of 423546 and 438.
438
What is the greatest common factor of 3864 and 588?
84
What is the highest common divisor of 776680 and 88?
8
Calculate the greatest common divisor of 3677292 and 316.
316
What is the highest common factor of 464 and 158427?
29
What is the greatest common divisor of 36461 and 19?
19
Calcul